t a(t) = t**3 + 10*t**2 + 3*t - 9. List the prime factors of a(-9).
3, 5
Let p(r) = -r**3 + 6*r**2 + 8*r + 3. Let k be p(7). Let v = 1 + k. What are the prime factors of v?
11
Let u = 196 - 100. What are the prime factors of u?
2, 3
Suppose 0 = -4*i + 10 + 10. Suppose 15 = 2*y - 3*o, -33 + 8 = 5*y + 5*o. Suppose j = i - y. What are the prime factors of j?
5
Let f = -91 + 222. List the prime factors of f.
131
Suppose -2*h = -0*h - 288. Suppose 4*o - h + 8 = 0. What are the prime factors of o?
2, 17
Let f(x) = -x**3 - 3*x**2 - 3*x - 3. Let n = 27 + -18. Suppose 0 = w + 1, 16 = -n*v + 4*v - w. What are the prime factors of f(v)?
2, 3
Let h(c) = 7*c**2 - c - 4. Let t be h(-3). Suppose l + 3*q = 4, 5*l - t + 9 = -4*q. Let n = -2 + l. List the prime factors of n.
11
Let a = 55 + -32. Suppose -5*u + r + r = -7, -2*r = 5*u - a. Let w = u + 5. List the prime factors of w.
2
Let v(j) = -2*j**3 - 3*j**2 + 13*j - 4. What are the prime factors of v(-5)?
2, 53
Suppose 3*d = d + 18. Suppose 7*q + 66 = d*q. What are the prime factors of q?
3, 11
Let d be 0*3/12*2. Suppose d = -2*k - 3*k + 25. What are the prime factors of k?
5
Suppose 2*n + 2*n + 2*u - 580 = 0, -5*u + 154 = n. List the prime factors of n.
2, 3
Suppose 3*j + y - 172 = -0*y, 0 = -y + 1. What are the prime factors of j?
3, 19
Suppose -5*i = -7*i + 56. List the prime factors of i.
2, 7
Let r be (-21)/(-9) - 1/3. Suppose -r*x = -6*x - v + 47, 0 = -x - 3*v - 2. List the prime factors of x.
13
Let o be (4/(-10))/((-3)/15). Suppose p = -o*p + 111. Suppose 3*k - p = -1. What are the prime factors of k?
2, 3
Let n(v) = -v**3 + 13*v**2 - 12*v + 3. Let j be n(12). Suppose -j*g = -5*g + 36. What are the prime factors of g?
2, 3
Let k = -16 + 61. List the prime factors of k/2*4/6.
3, 5
Let z(s) = 0*s - 5*s**3 - 6*s**3 - s - 2*s**2. List the prime factors of z(-1).
2, 5
Let o = 1 - -1. Suppose -o = 2*x, 2*x = 3*u - x - 9. Suppose -u*a + 21 = a. List the prime factors of a.
7
Suppose -4*r = 4*f - 9*f - 20, 0 = -4*f + 2*r - 22. Let x = f - -29. List the prime factors of ((-6)/9)/((-2)/x).
7
Suppose 4 = -d + 3. Let q be 2*(1 - 0/d). Suppose -r + 18 = q*r. List the prime factors of r.
2, 3
Suppose 5*j - 3*q = -2*q + 5, -2*j = 3*q - 19. Suppose -1 = p + j, -2*p - 41 = -5*h. List the prime factors of h.
7
Suppose 3*t - 2*y - 2254 = -t, 5*y = -4*t + 2219. Suppose -129 = -4*b - t. List the prime factors of b/(-14) + 4/14.
2
Suppose r - 8 = 2*r. Let l = r - -17. What are the prime factors of (l/(-6))/((-6)/16)?
2
Let d = -6 + 6. Let x(q) = 3 + d - 2 - 4 + 9*q. What are the prime factors of x(2)?
3, 5
Suppose 3*c + 0*c = 18. Let b(p) = -p**2 + 6*p + 7. List the prime factors of b(c).
7
Let k = 4 - -1. Suppose 1 = -k*s - 4. What are the prime factors of 6*4/6 + s?
3
Suppose 4*z = 5*g - 33, 2*g = 4*z + 4 + 14. Suppose 0*t = n - 2*t - 11, -27 = -g*n - 4*t. What are the prime factors of n?
7
Let y be ((-148)/(-6))/((-8)/(-12)). Suppose -5*m + y - 7 = 0. List the prime factors of m.
2, 3
Let n(o) = 9*o - 2. Let a be n(1). Suppose -2*i = -3*v - 13, -2*i + 3*v - a*v = -20. What are the prime factors of i?
2
Suppose 5*u - 9*u + 172 = 5*g, -50 = -u - 3*g. Suppose m + 13 - u = -3*r, 3 = -r. List the prime factors of m.
2, 17
Suppose j + 5*r = 31 + 74, -4*j + 2*r = -376. What are the prime factors of j?
5, 19
Let b(t) = -t + 7. Let v be b(7). List the prime factors of (v - (-1 - 18))/1.
19
Let k(z) = 17*z**2 + 9*z + 2. List the prime factors of k(-3).
2
Suppose -r + 5*r - 8 = 0. Let a be -1*(-1 + 0) + r. What are the prime factors of ((-45)/6)/(a/(-6))?
3, 5
Suppose 2*x + 3*f = -2*x + 193, -4*f = -12. What are the prime factors of x?
2, 23
Let k = 4 + -6. Let m = 6 - k. List the prime factors of m.
2
Let v(c) = -3*c - 2*c**2 - 4*c - 4 + c**2. Suppose 20 = -2*m - 2*m. List the prime factors of v(m).
2, 3
Suppose 4*s = 7 + 5. Suppose a - 12 = -s*v + 9, -2*a = v - 7. List the prime factors of v.
7
Suppose 3*f - b = 235, 8 = 5*b - b. What are the prime factors of f?
79
Let a be 6/((-33)/27 + 1). Let n be 6/8*(a - -3). Let i = 28 + n. List the prime factors of i.
2, 5
Let t(s) = -18*s**3 - 2*s**2 + 4*s + 5. Let g(y) = 17*y**3 + 2*y**2 - 5*y - 6. Let p(d) = 6*g(d) + 7*t(d). What are the prime factors of p(-1)?
23
List the prime factors of 61/4 - 7/28.
3, 5
Suppose 0*m + 21 = 3*r - 3*m, 3 = -3*m. Suppose 12 = -r*g + 3*g, 0 = -5*l - 3*g + 33. List the prime factors of l.
3
Suppose t + 0*t = 38. List the prime factors of t.
2, 19
Let l = -1 + 62. Let m = -36 + l. List the prime factors of m.
5
Suppose 3*l - 2*c - 20 = 0, -3*c - 21 = -0*l - 3*l. Let t = l + 4. What are the prime factors of t?
2, 5
Let x = 191 + -95. Suppose 29 = 5*i - x. List the prime factors of i.
5
Suppose 3*t + t = 0. Let b = t + 8. List the prime factors of b.
2
Let g be (3/6 + 1)*2. Let n = g + 0. List the prime factors of n.
3
Let q(r) be the third derivative of -r**4/24 + r**3/2 + r**2. List the prime factors of q(-3).
2, 3
List the prime factors of (-26)/52 - 314/(-4).
2, 3, 13
Suppose -r - 4*q = 0, 5*q + 8 = 2*r - 5. Let o = 6 - r. List the prime factors of o.
2
What are the prime factors of (-24)/(-2)*(-15)/(15/(-16))?
2, 3
Let y = -26 + 15. Let a = y + 23. List the prime factors of a.
2, 3
Let y be 2 + -5 - (-20)/(-2). Let m = -8 - y. List the prime factors of m.
5
Let z(w) = -w + 7. Let f be z(0). What are the prime factors of f + -1 - (-3 + 2)?
7
Suppose -2*w = -5*j + j + 20, -3*w = -4*j + 38. Let s = w + 34. List the prime factors of s.
2
Suppose 35 = -4*d + 9*d. Suppose 51 = 4*p + 3*y, 61 = d*p - 2*p + y. What are the prime factors of p?
2, 3
Let k be 2/5 + 321/(-15). Let v be (k/(-6) + -1)*2. Suppose -6 = 2*d, -12 - 38 = -v*c - 5*d. What are the prime factors of c?
13
Let o = -3 - -3. Suppose 1 = -q - 5*v, v + o*v = -3*q - 31. Let z = -4 - q. What are the prime factors of z?
7
Suppose -3*h = -5*h + 72. Let p = 5 + h. Suppose p = o + 5*m, o = -o - 4*m + 52. What are the prime factors of o?
2
Let c(g) = g**2 + 7*g - 4. Let j be c(5). Suppose 4*q - 2*t - j = -0*q, 5*q = 3*t + 68. List the prime factors of q.
2
Let z(h) be the first derivative of -h**2/2 + 10*h + 2. Let i be z(8). List the prime factors of 3*i/3*5.
2, 5
Let s = 50 + 36. List the prime factors of s.
2, 43
Let t = -4 + 10. Suppose -5*m + t = -9. What are the prime factors of m?
3
Let k be (-18)/(-14) + (-10)/35. Let y be -8 - (1 + 0/k). Let v(p) = p**2 + 9*p + 3. What are the prime factors of v(y)?
3
Suppose -2*g + 4*x - 60 = 0, g + 10 + 6 = -5*x. Let y = g + 48. What are the prime factors of y?
2, 11
Let f(a) = -a**3 + 14*a**2 - 10*a. List the prime factors of f(13).
3, 13
Suppose 4*f - 142 - 194 = 0. What are the prime factors of f?
2, 3, 7
Let n = 109 - 73. List the prime factors of n.
2, 3
Let a(h) = -4*h + 4. Let g(j) = -5*j + 4. Let z(r) = -3*a(r) + 2*g(r). List the prime factors of z(9).
2, 7
Let v(k) = -54*k - 9. What are the prime factors of v(-4)?
3, 23
Suppose -m - 4 - 1 = 0. Let a = m + 9. Suppose -4*k + a = -4. List the prime factors of k.
2
Let o(u) = 2*u**2 - 5*u + 7. Let h be -6*(-4)/(-28)*-7. List the prime factors of o(h).
7
Let v = 204 + -104. What are the prime factors of v?
2, 5
Let m(p) = p**3 + 7*p**2 + 5*p - 2. Let n be m(-6). Suppose t + 29 = 3*t - z, -2*t + 44 = -n*z. What are the prime factors of t?
2, 3
Suppose -5*d + 0*d + 37 = 3*t, 4*d = -2*t + 28. List the prime factors of d.
5
Suppose -2*h - 5*a = 2*h - 15, h + 3*a - 2 = 0. Let w = -7 + 10. Suppose 0 = -h*t + w + 12. What are the prime factors of t?
3
Suppose 2*b - 6*b = -5*h + 5, 5*h - 35 = -2*b. Suppose -k + 4*n + 8 = -2, b*k - 3*n - 33 = 0. List the prime factors of k.
2, 3
Suppose -5*j + 0*j = -25. Suppose -3*m = -m - v - 7, -v - 19 = -j*m. Suppose -2*t - 2*h = t - m, -2*t = 3*h - 1. What are the prime factors of t?
2
Suppose l - 2*o - 2 = 0, 4*l - o - 2*o = 18. List the prime factors of l.
2, 3
Let y be ((-32)/(-3))/((-2)/(-6)). Let x(k) = -2*k**2 + 8*k + 1. Let r be x(6). Let b = r + y. What are the prime factors of b?
3
Suppose 79*a - 856 = 75*a. List the prime factors of a.
2, 107
Let b = 20 - 11. Let n = b + -1. List the prime factors of n.
2
Let v(b) = -b - 1. Let t be v(-6). Let l = 4 - 1. Suppose -16 = -t*o + l*o. List the prime factors of o.
2
Suppose -6*o + 235 = -95. List the prime factors of